 p(o) = 54*o - 1. Let d be p(-1). Let k = d + j. Calculate the highest common factor of k and 54.
27
Let z(m) = m**3 - 2*m**2 - m + 4. Let q = 32 - 30. Let d be z(q). Suppose -d*t + 9 = t. Calculate the highest common divisor of t and 12.
3
Let a(r) = -6*r. Suppose -4*q = -5*l + 7 - 22, l = q - 3. Let u be a(l). Calculate the greatest common divisor of u and 90.
18
Let d = 137 - 38. Suppose 3*g - 320 = -4*i, 35*i + 2*g = 37*i - 146. What is the greatest common factor of d and i?
11
Let j(t) = -11*t**2 - t**3 - 13 + 21 - 13*t - 4*t - 7. Let f be j(-9). Let l = 20 + f. What is the highest common factor of 6 and l?
6
Let b = 3027 + -3038. Let n(d) = 3*d + 26 - d - d. Let o be n(b). What is the highest common divisor of 60 and o?
15
Let f(o) = -4*o - 66. Let y be f(-23). Let b(w) = 12*w + 11. Let n be b(y). Calculate the highest common divisor of 17 and n.
17
Let s(l) = -404*l - 1536. Let g be s(-8). Calculate the greatest common divisor of 48 and g.
16
Suppose 5*p = -3*s + 19, p - 17 = s - 6*s. Suppose -a = s*a - 28. Suppose a*c - 396 = -4*c. Calculate the highest common divisor of 360 and c.
36
Suppose -74*c - 150 = -79*c. Suppose 254*v - c = 251*v. Calculate the highest common divisor of v and 14.
2
Let t(l) = 2*l**2 + 32*l + 154. Let p be t(-16). What is the highest common factor of 189 and p?
7
Let i be (76 - 80)*30/(-4). Calculate the highest common divisor of 750 and i.
30
Suppose 4*q = 4*s + 190 - 918, 2*s = q + 362. Calculate the highest common divisor of 345 and s.
15
Let t(y) = -164 - 66 - 18*y + 54. Let g be t(-18). Calculate the greatest common divisor of g and 8.
4
Suppose 50*d + 4 = 51*d. Suppose -d*v = 3*g - 13, -v + 0*v + 22 = -3*g. What is the highest common divisor of 49 and v?
7
Let g = 23 - 11. Suppose 160 = g*p - 1280. Calculate the greatest common divisor of 30 and p.
30
Let j(z) = -z**2 - 16*z + 117. Let c be j(-21). What is the greatest common divisor of c and 85?
1
Let b = 4500 - 4233. Calculate the highest common divisor of b and 30438.
267
Let w(f) = 17*f**3 + f**2 - 3*f - 3. Let p be w(-1). Let t(j) = -4*j - 40. Let s be t(p). What is the greatest common factor of s and 312?
24
Suppose -17*i - 456 - 530 = 0. Let h = i - -79. Calculate the greatest common divisor of 77 and h.
7
Suppose -6390 = -3*c - 3*u - u, -30*u = -28*u. What is the highest common factor of 30 and c?
30
Suppose -2*d + 130 = -d. Let i be (-6)/2*21/(-63)*(-3 + 13). Calculate the highest common divisor of i and d.
10
Let a(t) = -43*t**2 + 5*t + 4. Let j be a(2). Let w = j - -235. Calculate the greatest common divisor of w and 462.
77
Let w be 0/1*((-30)/(-18))/5. Suppose w = -49*n + 63 + 35. Let x = -6 + 32. Calculate the highest common factor of n and x.
2
Let s(r) = 71*r + 285. Let o be s(-4). Let v(t) = -t**2 - 1 + 3*t**2 + 7*t**2 + 8 + t**3. Let c be v(-9). What is the greatest common factor of o and c?
1
Suppose 5*a = -3*t - t + 592, -552 = -4*t + 5*a. Let i = 42 + 2. Calculate the highest common divisor of i and t.
11
Let t be (-27)/(-2)*15/(270/552). Calculate the greatest common divisor of 18 and t.
18
Suppose 4 - 16 = -4*g. Let u be (-4)/6*(-28 + -2)/10. Let n be 3 - 0/u - 0. What is the greatest common divisor of g and n?
3
Let f(t) = t**2 - 3*t - 88. Let s be (3 - 7)*(2 - 5). Let z be f(s). Calculate the greatest common factor of z and 320.
20
Suppose -3*z = -c + 18078, z - 6 + 8 = 0. Calculate the greatest common factor of 72 and c.
72
Let a(w) = -20*w + 881. Let d be a(44). Calculate the greatest common factor of d and 7.
1
Let r(s) = 31*s + 49. Let i(n) = -n**2 - 18*n - 60. Let p be i(-13). Let z be r(p). Calculate the greatest common divisor of z and 12.
12
Let z(q) = -13*q - 68. Let i(g) = -2*g**2 - 2*g + 6. Let m be i(-3). Let d be z(m). What is the highest common factor of 25 and d?
5
Let b = 430 + -1229. Let a = b + 832. What is the highest common factor of a and 825?
33
Suppose 0 = -108*m + 8273 - 1361. Calculate the greatest common divisor of m and 400.
16
Suppose 148*d - 147*d - 328 = 0. Let y = d - 324. Calculate the greatest common divisor of 46 and y.
2
Let b = 29 - 16. Let t(d) = 0*d**3 - 9 - d**3 + 10*d**2 + 59*d - 44*d - 12 + 3. Let s be t(11). Calculate the greatest common divisor of b and s.
13
Let m(s) = 309*s - 433. Let a be m(12). What is the highest common divisor of a and 131?
131
Let y be (-122)/671 + (-4496)/(-44). What is the greatest common divisor of 118 and y?
2
Suppose 263898 = 235*b - 8*b - 89768. What is the greatest common divisor of 615 and b?
41
Let t be (-6)/(((-3)/(-45))/((-9)/5)). Suppose 5 = 3*h - 19. Let r be (h/12)/(4/t). Calculate the greatest common divisor of r and 3.
3
Let a = 5703 + -5644. Calculate the greatest common factor of a and 11387.
59
Let l(d) = 5*d**2 + 16*d - 24. Let a be l(-10). Let n = a - 247. Calculate the highest common factor of 23 and n.
23
Let z(d) = d**2. Let n be z(2). Suppose 0*u + 2*u + 3*i = 3, 4*i = -n. Suppose -2055 + 1950 = -7*g. What is the greatest common factor of u and g?
3
Let y(l) = -3*l + 27. Let h be y(15). Let q be (6*2/(-3))/h*9. Suppose 5*u + 10 = 0, m - q*m + u + 15 = 0. What is the highest common factor of 182 and m?
13
Let q(v) = -v**3 - 22*v**2 + 3*v + 48. Let s be q(-22). Let u = s + 61. Suppose -40*r + u*r = 576. Calculate the highest common factor of r and 16.
16
Suppose 963 = -10*o + 2133. What is the greatest common divisor of o and 3213?
9
Suppose 5*g + 135 = 405. Let f = 38 - 36. Suppose -f*o = -a + 73, -5*a - 8*o + 7*o = -409. Calculate the greatest common divisor of g and a.
27
Let w(a) = 48*a + 3945. Let o be w(-81). Calculate the highest common divisor of 39 and o.
3
Suppose -185*x - 5*r + 240 = -182*x, 2*r = -5*x + 381. What is the highest common factor of 1095 and x?
15
Let y = -1845 - -1955. What is the highest common factor of 50 and y?
10
Let t be (-5 - 11/(-2))*1982 + -3. What is the highest common divisor of t and 624?
52
Suppose 4*u - 5*q - 659 = 0, -4*q + q = -5*u + 814. Suppose -u = -24*f - 137. What is the greatest common divisor of f and 50?
1
Suppose 107 = 31*x - 203. Suppose x = j - 5*d, -2*j + 2*d - 2 = -46. Calculate the highest common factor of 5 and j.
5
Let u = -1429 + 1457. Let o(q) = -118*q + 4. Let d be o(-4). Calculate the greatest common divisor of u and d.
28
Let g be ((-1349)/133 - 2/(-14)) + 584. What is the greatest common divisor of 3854 and g?
82
Let m = 83 - 75. Suppose -m*f - 47 = -247. Suppose 5*j - 202 = 173. What is the greatest common divisor of j and f?
25
Let r be (4/(-6)*5)/(((-56)/1089)/56). Calculate the greatest common factor of r and 120.
30
Suppose f - 4*m - 2128 = 0, -2*f - 4*m + 5065 = 833. Calculate the highest common factor of f and 4.
4
Suppose -3*f + 3*b + 22 = -53, 0 = -2*f - 4*b + 80. Suppose s - 74 = -3*r, 0*s - s = -5*r + 126. What is the highest common factor of r and f?
5
Suppose -8*r = -4700 + 1148. Let a be (r - 438)/(3*1/10). Calculate the greatest common divisor of a and 24.
4
Let s be 28/126 + (-50)/(-18). Suppose s*v = 4*k - 56, -5*k - 4*v + 28 = -k. Let d = k - -45. What is the highest common factor of d and 84?
28
Let g be 2/3 - (-131822)/114. Suppose -4*r - 3*x + 1402 = 0, g = 3*r - 3*x + 95. Calculate the greatest common factor of 33 and r.
11
Suppose 5*h - 27500 = -113*h - 7*h. Let n = -277 - -552. What is the highest common divisor of n and h?
55
Let o(r) = 7*r**3 - 11*r**2 + 11*r + 4. Let c be o(4). Suppose -3*t + 2*t + 20 = 0. Calculate the greatest common divisor of c and t.
20
Let j(b) = 39*b**2 + 2*b + 1. Let h be j(-2). Let g be 21/2 + ((-36)/(-114))/((-24)/114). Calculate the highest common factor of g and h.
9
Let c = -8945 + 9353. Calculate the highest common divisor of 1496 and c.
136
Let k be (0 + 0)*2/4. Suppose 3*s + 9 = k, 6*s + 55 = 4*c + s. Let o be (-5 + 15)*(-12)/(-30). What is the highest common factor of c and o?
2
Suppose 314 - 744 = -5*g. Let q = 24 - g. Let o = q + 68. What is the greatest common factor of o and 54?
6
Suppose 3*z - 2967 = -2*p + p, 2*p - 5950 = -2*z. Calculate the highest common divisor of 18 and p.
9
Suppose -4841 = -18*i + 1495. Suppose -m = -4 - 0. Suppose 0 = j + m*j - 160. What is the highest common factor of i and j?
32
Let n(t) = 3*t + 7. Let l be 844/76 + (-2)/19. Let f be n(l). Suppose 3*h + 4*v - 3*v - 12 = 0, h = -v + 2. 